{"id":50,"date":"2021-10-02T01:27:38","date_gmt":"2021-10-01T23:27:38","guid":{"rendered":"http:\/\/ilid.online\/?page_id=50"},"modified":"2021-10-26T23:47:29","modified_gmt":"2021-10-26T21:47:29","slug":"16-09-2021","status":"publish","type":"page","link":"https:\/\/ilid.online\/?page_id=50","title":{"rendered":"16.09.2021 Schreiben an Ministerium f\u00fcr Bildung RLP"},"content":{"rendered":"\n<p><\/p>\n\n\n\n<p class=\"has-medium-font-size\"><strong>Schreiben von ILiD per E-Mail an die Ministerin f\u00fcr Bildung Rheinland-Pfalz, Dr. Stefanie Hubig.<\/strong><\/p>\n\n\n\n<p>Eine Kopie des Schreibens ging nachrichtlich \u2013 ebenfalls per E-Mail \u2013 an alle Fraktionen im rheinland-pf\u00e4lzischen Landtag (SPD, B90\/Gr\u00fcne, FDP, CDU, AfD, FW), an die Gewerkschaft GEW, die Lehrerverb\u00e4nde VRB, VBE, Philologenverband, VLBS, VLW, VGD sowie an die Landessch\u00fcler*innenvertretung und den Landeselternbeirat.<\/p>\n\n\n\n<p>Das Schreiben enth\u00e4lt \u2013 mit der Bitte um zeitnahe und substanzielle Beantwortung \u2013 folgende Fragen zum weiteren Umgang der Landesregie\u00adrung mit COVID-19 bzw. SARS-CoV-2 im Bereich Schulen in Rheinland-Pfalz:<\/p>\n\n\n\n<p>\u201e1. Schlie\u00dft die Landesregierung RLP eine Impfpflicht f\u00fcr Lehrkr\u00e4fte in Sachen COVID-19 per Landesgesetz oder Rechtsverordnung (nach IfSG \u00a7 20 Absatz 7) definitiv aus?<\/p>\n\n\n\n<p>2. Schlie\u00dft die Landesregierung RLP ihre Zustimmung im Bundesrat zu einer Impfpflicht f\u00fcr Lehrkr\u00e4fte in Sachen COVID-19 per Rechtsverordnung des Bundesministeriums f\u00fcr Gesund\u00adheit (nach IfSG \u00a7 20 Absatz 6) definitiv aus?<\/p>\n\n\n\n<p>3. Schlie\u00dft die Landesregierung RLP eine Impfpflicht f\u00fcr Sch\u00fclerinnen und Sch\u00fcler in Sachen COVID-19 per Landesgesetz oder Rechtsverordnung (nach IfSG \u00a7 20 Absatz 7) definitiv aus?<\/p>\n\n\n\n<p>4. Schlie\u00dft die Landesregierung RLP ihre Zustimmung im Bundesrat zu einer Impfpflicht f\u00fcr Sch\u00fclerinnen und Sch\u00fcler in Sachen COVID-19 per Rechtsverordnung des Bundesministeri\u00adums f\u00fcr Gesundheit (nach IfSG \u00a7 20 Absatz 6) definitiv aus?<\/p>\n\n\n\n<p>5. Welche Kriterien m\u00fcssen erf\u00fcllt sein, damit die Masken- und Testpflicht in den Schulen (insbesondere f\u00fcr Lehrkr\u00e4fte, Sch\u00fclerinnen und Sch\u00fcler) endet und zu uneingeschr\u00e4nktem Pr\u00e4senzunterricht zur\u00fcckgekehrt wird?<\/p>\n\n\n\n<p>6. Welche Beweggr\u00fcnde haben die Landesregierung bisher daran gehindert, so oder \u00e4hnlich im Schulbereich zu verfahren wie die Bildungsministerien in Schweden und Finnland?<\/p>\n\n\n\n<p>7. Welche Schlussfolgerungen wird die Landesregierung \u2013 vor dem Hintergrund der (fast) vollst\u00e4ndigen Beendigung der Corona-Bek\u00e4mpfungsma\u00dfnahmen in unseren Nachbarl\u00e4ndern D\u00e4nemark, Schweden und Niederlande \u2013 zeitnah im Schulbereich ziehen?\u201c<\/p>\n\n\n\n<p><\/p>\n\n\n\n<p>_____________________________________________________________________________________<\/p>\n\n\n\n<p><\/p>\n\n\n\n<p class=\"has-medium-font-size\"><strong>Das vollst\u00e4ndige Schreiben kann <a rel=\"noreferrer noopener\" href=\"https:\/\/ilid.online\/wp-content\/uploads\/2021\/10\/Schreiben_MfB_VI_e_o_U.pdf\" target=\"_blank\"><span class=\"has-inline-color has-vivid-cyan-blue-color\">hier<\/span><\/a> heruntergeladen werden.<\/strong><\/p>\n","protected":false},"excerpt":{"rendered":"<p>Schreiben von ILiD per E-Mail an die Ministerin f\u00fcr Bildung Rheinland-Pfalz, Dr. Stefanie Hubig. Eine Kopie des Schreibens ging nachrichtlich \u2013 ebenfalls per E-Mail \u2013 an alle Fraktionen im rheinland-pf\u00e4lzischen Landtag (SPD, B90\/Gr\u00fcne, FDP, CDU,&#8230;<\/p>\n","protected":false},"author":1,"featured_media":0,"parent":0,"menu_order":0,"comment_status":"closed","ping_status":"closed","template":"","meta":{"footnotes":""},"class_list":["post-50","page","type-page","status-publish","hentry","no-post-thumbnail"],"_links":{"self":[{"href":"https:\/\/ilid.online\/index.php?rest_route=\/wp\/v2\/pages\/50","targetHints":{"allow":["GET"]}}],"collection":[{"href":"https:\/\/ilid.online\/index.php?rest_route=\/wp\/v2\/pages"}],"about":[{"href":"https:\/\/ilid.online\/index.php?rest_route=\/wp\/v2\/types\/page"}],"author":[{"embeddable":true,"href":"https:\/\/ilid.online\/index.php?rest_route=\/wp\/v2\/users\/1"}],"replies":[{"embeddable":true,"href":"https:\/\/ilid.online\/index.php?rest_route=%2Fwp%2Fv2%2Fcomments&post=50"}],"version-history":[{"count":10,"href":"https:\/\/ilid.online\/index.php?rest_route=\/wp\/v2\/pages\/50\/revisions"}],"predecessor-version":[{"id":397,"href":"https:\/\/ilid.online\/index.php?rest_route=\/wp\/v2\/pages\/50\/revisions\/397"}],"wp:attachment":[{"href":"https:\/\/ilid.online\/index.php?rest_route=%2Fwp%2Fv2%2Fmedia&parent=50"}],"curies":[{"name":"wp","href":"https:\/\/api.w.org\/{rel}","templated":true}]}}